2) is divided by i?
8
Let j(s) = -4*s. Let o(w) = 7*w + 1. Let p(d) = -11*j(d) - 6*o(d). What is the remainder when 46 is divided by p(15)?
22
Suppose 0 = 27*u - 24*u - 66. What is the remainder when 173 is divided by u?
19
Let v be (-4)/14 + 166/(-7). Let x be (198/v)/(2/(-8)). Calculate the remainder when 6/(-27) + x/27 is divided by 1.
0
Suppose 3*h = 3*f - 18, -3*f + h + 0*h + 12 = 0. Suppose -n + 6 = -f. Calculate the remainder when 26 is divided by n.
8
Suppose -963*s + 956*s = -112. Suppose v - 3 - 33 = -5*i, -v - 44 = -5*i. Calculate the remainder when s is divided by i.
0
Let r = -17 + 104. Suppose r = t + 17. Calculate the remainder when t is divided by 22.
4
Suppose -2*v + 33 = -7. Suppose 5*q = -3*m + 57, -4*m + 4*q + 64 - v = 0. What is the remainder when m is divided by 5?
4
Suppose 1045 = 4*n + 5*s, -5*n + 532 = -3*s - 728. Calculate the remainder when n is divided by 25.
5
Let z(k) = 3*k**2 - 7*k + 5. Let g be z(2). Suppose g*r = 82 + 11. What is the remainder when 123 is divided by r?
30
Let v be (-1 - -5)*77/(-22). Let t(x) = 1 - 4*x + x - 9 + 1. Calculate the remainder when t(v) is divided by 9.
8
Let s(x) = x**2 + 15*x - 4. Let u(o) = -o**2 - 15*o + 5. Let i(r) = -4*s(r) - 3*u(r). Calculate the remainder when i(-11) is divided by 8.
5
Let c = -573 - -851. What is the remainder when c is divided by 28?
26
Suppose 2*y = -0*f + 3*f + 1041, 0 = -5*y - 5*f + 2565. Suppose 0*q + 411 = 4*m + q, -5*m + q + y = 0. What is the remainder when m is divided by 35?
33
What is the remainder when 606/18 - 5 - (-2)/(-3) is divided by 5?
3
Suppose 0 = 2*i - 4*u - 12, -22 - 22 = -4*i - 2*u. Suppose i*k + 27 = 13*k. What is the remainder when 21 is divided by k?
3
Let h(b) = b**3 - b**2 - 5*b - 1. Let t = 20 + -14. What is the remainder when h(t) is divided by 30?
29
Let w(v) = v**3 - 17*v**2 - 79*v - 35. What is the remainder when w(23) is divided by 27?
26
Suppose 5*f - f = 24. Let k = 128 + -112. What is the remainder when -1 + f/2 - -43 is divided by k?
13
Suppose 0 = -776*h + 785*h - 4644. Calculate the remainder when h is divided by 10.
6
Calculate the remainder when (-1)/(-6) + 37332/216 is divided by 30.
23
Let u be (-2)/(0 + 1 + (-11)/9). Suppose -13*f - 4*t = -u*f - 168, 0 = f - t - 32. What is the remainder when 219 is divided by f?
34
Let x = -78 + 78. Suppose x = 3*u, 0 = -10*g + 11*g + 2*u - 12. Calculate the remainder when 33 is divided by g.
9
Let u(i) = 71*i - 234. What is the remainder when u(4) is divided by 19?
12
Let d = -12 - -25. What is the remainder when 66/3 - (-7 + 25/5) is divided by d?
11
Suppose 0 = l - 2*v - 53, -2*l - 2*v = -60 - 22. What is the remainder when 70 is divided by l?
25
Suppose 0 = 20*u - 43*u + 5888. What is the remainder when u is divided by 52?
48
Let m(n) = 0 + 8*n**2 + 1 + 42*n**2. Let r(u) = -17*u - 59. What is the remainder when m(1) is divided by r(-5)?
25
Let g(i) = -i**3 + 5*i**2 - 3*i - 4. Let y be g(4). Let h = 0 - y. Suppose h*p + p = 4. What is the remainder when 5 is divided by p?
1
Let t(q) = -q**3 - 6*q**2 - 11*q - 11. What is the remainder when t(-5) is divided by 6?
1
Calculate the remainder when 11 + -12 + 8/2 is divided by 1.
0
Suppose 91 = 47*u - 3. What is the remainder when 58 is divided by u?
0
Let i(m) be the second derivative of m**4/12 - 13*m**3/6 + 5*m**2 - 18*m. What is the remainder when i(13) is divided by 1?
0
Suppose x - 73 = 26*c - 21*c, 2*c + 138 = 2*x. What is the remainder when x is divided by 12?
8
Let j(s) = -3*s - 6. Let b = -924 + 970. What is the remainder when b is divided by j(-6)?
10
Suppose -a = 5*u - 124, -2*a - 2 = -10. What is the remainder when 50 is divided by u?
2
Let n be 30/(-5) + 5 + 76. Suppose 60 + 5 = 3*i + 5*v, -3*v = 3*i - n. Calculate the remainder when i is divided by 18.
12
What is the remainder when 21/(-9)*8/((-40)/45) is divided by 9?
3
Let s(j) = 2*j - 3. Let f be s(4). Suppose 0*r + 2*r - 20 = 0. Suppose 16 = n - 2*t - 14, f*t = -r. Calculate the remainder when n is divided by 9.
8
Let n = -135 - -244. Let x = n - 76. Calculate the remainder when 65 is divided by x.
32
Suppose -7*c - 10 = -12*c. Suppose c*s - 99 = -23. Calculate the remainder when s is divided by 13.
12
Suppose 21*x - 278 = -47. What is the remainder when 22 is divided by x?
0
Let u = 559 - 498. What is the remainder when u is divided by 32?
29
Let d be 27/18*12/9. Suppose -3*f - 2*q = q, -4*f + 30 = -d*q. What is the remainder when 12 is divided by f?
2
Let o(w) = 4*w - 70. What is the remainder when o(24) is divided by 11?
4
Let c(x) = -10*x - 1. Let m be c(-2). Suppose -m - 26 = -3*d. Calculate the remainder when 57 is divided by d.
12
Let n = -212 - -549. What is the remainder when n is divided by 11?
7
Suppose 2*j + 4 = 3*k - 3, -j - 3 = -2*k. What is the remainder when (6 + 100/(-8))*(k + -1) is divided by 8?
5
Suppose 2*w = -5*z + 1265, -46*z + 47*z = 4*w - 2585. Calculate the remainder when w is divided by 81.
78
Suppose 201 = 9*d - 114. Calculate the remainder when d is divided by 18.
17
Let y = -6 + 291. Calculate the remainder when y is divided by 72.
69
Let q(d) = 52*d + 109. Suppose -4*a = -9*a + 115. What is the remainder when a is divided by q(-2)?
3
Suppose -54 = -0*r - 3*r. Suppose -2*p + 185 = -251. Suppose -3*o = -5*t + 344, o = 3*t + 5*o - p. What is the remainder when t is divided by r?
16
Calculate the remainder when 10/(-6) - (-8970)/90 is divided by 3.
2
Let p = 689 + -467. Calculate the remainder when p is divided by 38.
32
Let k = 51 + -17. Calculate the remainder when 67 is divided by k.
33
Let f = 287 + -285. Suppose 4*c + 46 = 3*x, -1 = c - 0*c. Calculate the remainder when x is divided by f.
0
Let z(d) = 2*d + 15. Let h(y) = 2*y - 11. Let a be (-48)/(-5) - 4/(-10). What is the remainder when z(5) is divided by h(a)?
7
Let w(g) = 26*g**2 + 3*g - 2. Let p = 16 - 15. Let d be w(p). Let y = d + -23. What is the remainder when 6 is divided by y?
2
What is the remainder when 107 is divided by (-3)/(1*-2*12/296)?
33
Let w(v) = 5*v**2 - 5*v - v**2 - 2*v**3 + v**3 + 5 + 2*v**2. Let a be w(5). Suppose -58 = -a*b + 37. Calculate the remainder when 55 is divided by b.
17
Let k be 1252/2 + (-14)/(-7). Suppose -3*u - 4*h + k = 2*u, 2*h + 492 = 4*u. Calculate the remainder when u is divided by 18.
16
Let a = -25 + 25. Suppose 4*h - 162 = -c + 4*c, -5*h + 5*c + 200 = a. Suppose -h + 10 = -2*m. What is the remainder when m is divided by 6?
4
Suppose -7*w + 8*w + 106 = 4*m, -2*m + 5*w + 62 = 0. Calculate the remainder when 95 is divided by m.
17
Calculate the remainder when 73 is divided by 26/10*-6*40/(-16).
34
Suppose 4*y = 4*u + 52, -22*u + 25 = 5*y - 17*u. What is the remainder when 411 is divided by y?
6
Suppose 5 = -5*a - 0. Let t(p) = -11*p**3 - p - 1. Suppose -3*o + 63 = -0*o. What is the remainder when o is divided by t(a)?
10
Suppose -5*a = -f + 16, -109 = f - 6*f - 4*a. Let b = 0 + 6. What is the remainder when f is divided by b?
3
Suppose 209 + 201 = 10*y. Let u = 33 + -19. Calculate the remainder when y is divided by u.
13
Suppose 4*f - 3 = 3*f. Calculate the remainder when 7 + ((-15)/(-3) - f) is divided by 6/45 - 172/(-60).
0
Calculate the remainder when (-356)/8*(13 + -47) is divided by 138.
133
Suppose 8*v + 8*v = -4*j + 1500, 4*v - 1795 = -5*j. Calculate the remainder when j is divided by 92.
79
Calculate the remainder when 173 is divided by (-5)/(-20)*83 - 10/(-8).
19
Let n be -2 + (4/6 - (-170)/6). Suppose 0 = -x + 2*x - n. What is the remainder when 105 is divided by x?
24
Let g = 9 - 6. Let b be (-3 + 14/4)*(4 + 0). Suppose -g*m + 64 = b*i, 2*m - i - i = 26. Calculate the remainder when 88 is divided by m.
16
Suppose 0 = -4*r + 7*r - 45. Calculate the remainder when (-72)/168 + (-5)/(105/(-891)) is divided by r.
12
Suppose 5*j + 3*x + 42 = 0, 0*j + 50 = -5*j - 5*x. Let s be j/4*24/(-18). Let d = s - -15. Calculate the remainder when d is divided by 7.
3
Let q = 12 + 8. Calculate the remainder when 176 is divided by q.
16
Let f = -126 + 235. Suppose 0 = 5*q + 5*h - 105, -4*h + f - 9 = 5*q. Let a = -14 - -23. Calculate the remainder when q is divided by a.
7
Let x(p) = -p**3 + 14*p**2 + 4*p - 45. What is the remainder when x(13) is divided by 36?
32
Suppose 484 = 4*p + 44. Suppose -5*a - 3*k + p = 0, 3*k = -a + 7 + 3. Suppose 0*